{"id":14,"date":"2025-05-27T22:27:27","date_gmt":"2025-05-27T22:27:27","guid":{"rendered":"https:\/\/gicspa.cl\/?page_id=14"},"modified":"2025-07-24T23:01:17","modified_gmt":"2025-07-24T23:01:17","slug":"proyectos","status":"publish","type":"page","link":"https:\/\/gicspa.cl\/index.php\/proyectos\/","title":{"rendered":"Proyectos"},"content":{"rendered":"\t\t<div data-elementor-type=\"wp-page\" data-elementor-id=\"14\" class=\"elementor elementor-14\" data-elementor-post-type=\"page\">\n\t\t\t\t<div class=\"elementor-element elementor-element-43da5f7 e-flex e-con-boxed e-con e-parent\" data-id=\"43da5f7\" data-element_type=\"container\" data-settings=\"{&quot;background_background&quot;:&quot;classic&quot;}\">\n\t\t\t\t\t<div class=\"e-con-inner\">\n\t\t<div class=\"elementor-element elementor-element-96ebead e-con-full e-flex e-con e-child\" data-id=\"96ebead\" data-element_type=\"container\">\n\t\t<div class=\"elementor-element elementor-element-1b98079 e-flex e-con-boxed e-con e-child\" data-id=\"1b98079\" data-element_type=\"container\">\n\t\t\t\t\t<div class=\"e-con-inner\">\n\t\t\t\t<div class=\"elementor-element elementor-element-8de7340 elementor-widget elementor-widget-heading\" data-id=\"8de7340\" data-element_type=\"widget\" data-widget_type=\"heading.default\">\n\t\t\t\t<div class=\"elementor-widget-container\">\n\t\t\t\t\t<h1 class=\"elementor-heading-title elementor-size-default\">Proyectos<\/h1>\t\t\t\t<\/div>\n\t\t\t\t<\/div>\n\t\t\t\t<div class=\"elementor-element elementor-element-39cfb95 elementor-widget elementor-widget-heading\" data-id=\"39cfb95\" data-element_type=\"widget\" data-widget_type=\"heading.default\">\n\t\t\t\t<div class=\"elementor-widget-container\">\n\t\t\t\t\t<h3 class=\"elementor-heading-title elementor-size-default\">Apasionados por impulsar el \u00e9xito de las empresas<\/h3>\t\t\t\t<\/div>\n\t\t\t\t<\/div>\n\t\t\t\t\t<\/div>\n\t\t\t\t<\/div>\n\t\t\t\t<\/div>\n\t\t\t\t\t<\/div>\n\t\t\t\t<\/div>\n\t\t<div class=\"elementor-element elementor-element-ad6daf2 e-flex e-con-boxed e-con e-parent\" data-id=\"ad6daf2\" data-element_type=\"container\">\n\t\t\t\t\t<div class=\"e-con-inner\">\n\t\t<div class=\"elementor-element elementor-element-2dfbd6b e-con-full e-flex e-con e-child\" data-id=\"2dfbd6b\" data-element_type=\"container\">\n\t\t\t\t<div class=\"elementor-element elementor-element-455c058 elementor-widget-divider--view-line_text elementor-widget-divider--element-align-left elementor-invisible elementor-widget elementor-widget-divider\" data-id=\"455c058\" data-element_type=\"widget\" data-settings=\"{&quot;_animation&quot;:&quot;fadeInUp&quot;}\" data-widget_type=\"divider.default\">\n\t\t\t\t<div class=\"elementor-widget-container\">\n\t\t\t\t\t\t\t<div class=\"elementor-divider\">\n\t\t\t<span class=\"elementor-divider-separator\">\n\t\t\t\t\t\t\t<h3 class=\"elementor-divider__text elementor-divider__element\">\n\t\t\t\tIngenier\u00eda en Acci\u00f3n\t\t\t\t<\/h3>\n\t\t\t\t\t\t<\/span>\n\t\t<\/div>\n\t\t\t\t\t\t<\/div>\n\t\t\t\t<\/div>\n\t\t\t\t<div class=\"elementor-element elementor-element-efb2c10 elementor-invisible elementor-widget elementor-widget-heading\" data-id=\"efb2c10\" data-element_type=\"widget\" data-settings=\"{&quot;_animation&quot;:&quot;fadeInUp&quot;,&quot;_animation_delay&quot;:200}\" data-widget_type=\"heading.default\">\n\t\t\t\t<div class=\"elementor-widget-container\">\n\t\t\t\t\t<h3 class=\"elementor-heading-title elementor-size-default\">Soluciones que hemos dise\u00f1ado e implementado<\/h3>\t\t\t\t<\/div>\n\t\t\t\t<\/div>\n\t\t\t\t<\/div>\n\t\t\t\t\t<\/div>\n\t\t\t\t<\/div>\n\t\t<div class=\"elementor-element elementor-element-24db32d e-flex e-con-boxed e-con e-parent\" data-id=\"24db32d\" data-element_type=\"container\">\n\t\t\t\t\t<div class=\"e-con-inner\">\n\t\t<div class=\"elementor-element elementor-element-f314675 e-con-full e-flex e-con e-child\" data-id=\"f314675\" data-element_type=\"container\">\n\t\t\t\t<div class=\"elementor-element elementor-element-a6d673e elementor-widget elementor-widget-image\" data-id=\"a6d673e\" data-element_type=\"widget\" data-widget_type=\"image.default\">\n\t\t\t\t<div class=\"elementor-widget-container\">\n\t\t\t\t\t\t\t\t\t\t\t\t\t\t\t<img decoding=\"async\" src=\"https:\/\/gicspa.cl\/wp-content\/uploads\/elementor\/thumbs\/1-r8iiku38d2by07430k9kel8nqzviczo3mmv7wo96zw.jpg\" title=\"1\" alt=\"1\" loading=\"lazy\" \/>\t\t\t\t\t\t\t\t\t\t\t\t\t\t\t<\/div>\n\t\t\t\t<\/div>\n\t\t\t\t<div class=\"elementor-element elementor-element-f00be67 elementor-invisible elementor-widget elementor-widget-heading\" data-id=\"f00be67\" data-element_type=\"widget\" data-settings=\"{&quot;_animation&quot;:&quot;fadeInUp&quot;,&quot;_animation_delay&quot;:200}\" data-widget_type=\"heading.default\">\n\t\t\t\t<div class=\"elementor-widget-container\">\n\t\t\t\t\t<h2 class=\"elementor-heading-title elementor-size-default\">Proyecto E\u00f3lico Horizonte 2025<\/h2>\t\t\t\t<\/div>\n\t\t\t\t<\/div>\n\t\t\t\t<div class=\"elementor-element elementor-element-a6c5886 elementor-widget elementor-widget-text-editor\" data-id=\"a6c5886\" data-element_type=\"widget\" data-widget_type=\"text-editor.default\">\n\t\t\t\t<div class=\"elementor-widget-container\">\n\t\t\t\t\t\t\t\t\t<p>Supervisi\u00f3n geot\u00e9cnica de sondajes para ampliaci\u00f3n de\u00a0 aerogeneradores.<\/p>\t\t\t\t\t\t\t\t<\/div>\n\t\t\t\t<\/div>\n\t\t\t\t<\/div>\n\t\t<div class=\"elementor-element elementor-element-e36c5a6 e-con-full e-flex e-con e-child\" data-id=\"e36c5a6\" data-element_type=\"container\">\n\t\t\t\t<div class=\"elementor-element elementor-element-958bd03 elementor-widget elementor-widget-image\" data-id=\"958bd03\" data-element_type=\"widget\" data-widget_type=\"image.default\">\n\t\t\t\t<div class=\"elementor-widget-container\">\n\t\t\t\t\t\t\t\t\t\t\t\t\t\t\t<img decoding=\"async\" src=\"https:\/\/gicspa.cl\/wp-content\/uploads\/elementor\/thumbs\/222-r8kkzuth53plyqt3srzqlxedc1g2mr5ehs572nmbts.jpg\" title=\"222\" alt=\"222\" loading=\"lazy\" \/>\t\t\t\t\t\t\t\t\t\t\t\t\t\t\t<\/div>\n\t\t\t\t<\/div>\n\t\t\t\t<div class=\"elementor-element elementor-element-01d495b elementor-invisible elementor-widget elementor-widget-heading\" data-id=\"01d495b\" data-element_type=\"widget\" data-settings=\"{&quot;_animation&quot;:&quot;fadeInUp&quot;,&quot;_animation_delay&quot;:200}\" data-widget_type=\"heading.default\">\n\t\t\t\t<div class=\"elementor-widget-container\">\n\t\t\t\t\t<h2 class=\"elementor-heading-title elementor-size-default\">Proyecto E\u00f3lico Horizonte 2024 <\/h2>\t\t\t\t<\/div>\n\t\t\t\t<\/div>\n\t\t\t\t<div class=\"elementor-element elementor-element-c63ffd0 elementor-widget elementor-widget-text-editor\" data-id=\"c63ffd0\" data-element_type=\"widget\" data-widget_type=\"text-editor.default\">\n\t\t\t\t<div class=\"elementor-widget-container\">\n\t\t\t\t\t\t\t\t\t<p>Mediciones de resistividades en suelos ( Wenner y Schlumberger) y Mediciones de resistencias de mallas de tierra energizadas.<\/p>\t\t\t\t\t\t\t\t<\/div>\n\t\t\t\t<\/div>\n\t\t\t\t<\/div>\n\t\t<div class=\"elementor-element elementor-element-d5692b8 e-con-full e-flex e-con e-child\" data-id=\"d5692b8\" data-element_type=\"container\">\n\t\t\t\t<div class=\"elementor-element elementor-element-81c2a4e elementor-widget elementor-widget-image\" data-id=\"81c2a4e\" data-element_type=\"widget\" data-widget_type=\"image.default\">\n\t\t\t\t<div class=\"elementor-widget-container\">\n\t\t\t\t\t\t\t\t\t\t\t\t\t\t\t<img decoding=\"async\" src=\"https:\/\/gicspa.cl\/wp-content\/uploads\/elementor\/thumbs\/3-r8ij3w9ey4f9fjfdpsv7ys35e9xgg1c5kz3o8nzsto.jpg\" title=\"3\" alt=\"3\" loading=\"lazy\" \/>\t\t\t\t\t\t\t\t\t\t\t\t\t\t\t<\/div>\n\t\t\t\t<\/div>\n\t\t\t\t<div class=\"elementor-element elementor-element-7280181 elementor-invisible elementor-widget elementor-widget-heading\" data-id=\"7280181\" data-element_type=\"widget\" data-settings=\"{&quot;_animation&quot;:&quot;fadeInUp&quot;,&quot;_animation_delay&quot;:200}\" data-widget_type=\"heading.default\">\n\t\t\t\t<div class=\"elementor-widget-container\">\n\t\t\t\t\t<h2 class=\"elementor-heading-title elementor-size-default\">Central Hidroel\u00e9ctrica Machicura  y La Mina 2020 Colbun S.A<\/h2>\t\t\t\t<\/div>\n\t\t\t\t<\/div>\n\t\t\t\t<div class=\"elementor-element elementor-element-2a3098c elementor-widget elementor-widget-text-editor\" data-id=\"2a3098c\" data-element_type=\"widget\" data-widget_type=\"text-editor.default\">\n\t\t\t\t<div class=\"elementor-widget-container\">\n\t\t\t\t\t\t\t\t\t<p>Certificaciones Mec\u00e1nicas de Unidades de Generaci\u00f3n Kaplan.<\/p>\t\t\t\t\t\t\t\t<\/div>\n\t\t\t\t<\/div>\n\t\t\t\t<\/div>\n\t\t<div class=\"elementor-element elementor-element-356d400 e-con-full e-flex e-con e-child\" data-id=\"356d400\" data-element_type=\"container\">\n\t\t\t\t<div class=\"elementor-element elementor-element-7ef4d79 elementor-widget elementor-widget-image\" data-id=\"7ef4d79\" data-element_type=\"widget\" data-widget_type=\"image.default\">\n\t\t\t\t<div class=\"elementor-widget-container\">\n\t\t\t\t\t\t\t\t\t\t\t\t\t\t\t<img decoding=\"async\" src=\"https:\/\/gicspa.cl\/wp-content\/uploads\/elementor\/thumbs\/TELECOMINICACIONES-scaled-r8kktjcj77248iv5bcpdpn5f3wgw253y3a2vrrewmk.jpg\" title=\"Young man engineer making program analyses\" alt=\"Young man engineer making program analyses\" loading=\"lazy\" \/>\t\t\t\t\t\t\t\t\t\t\t\t\t\t\t<\/div>\n\t\t\t\t<\/div>\n\t\t\t\t<div class=\"elementor-element elementor-element-175d459 elementor-invisible elementor-widget elementor-widget-heading\" data-id=\"175d459\" data-element_type=\"widget\" data-settings=\"{&quot;_animation&quot;:&quot;fadeInUp&quot;,&quot;_animation_delay&quot;:200}\" data-widget_type=\"heading.default\">\n\t\t\t\t<div class=\"elementor-widget-container\">\n\t\t\t\t\t<h2 class=\"elementor-heading-title elementor-size-default\">Proyecto E\u00f3lico Horizonte 2025<\/h2>\t\t\t\t<\/div>\n\t\t\t\t<\/div>\n\t\t\t\t<div class=\"elementor-element elementor-element-fd9d3ef elementor-widget elementor-widget-text-editor\" data-id=\"fd9d3ef\" data-element_type=\"widget\" data-widget_type=\"text-editor.default\">\n\t\t\t\t<div class=\"elementor-widget-container\">\n\t\t\t\t\t\t\t\t\t<p>Dise\u00f1o e Implementaci\u00f3n de Sistema de Radiocomunicaciones.<\/p>\t\t\t\t\t\t\t\t<\/div>\n\t\t\t\t<\/div>\n\t\t\t\t<\/div>\n\t\t\t\t\t<\/div>\n\t\t\t\t<\/div>\n\t\t\t\t<\/div>\n\t\t","protected":false},"excerpt":{"rendered":"<p>Apasionados por impulsar el \u00e9xito de las empresas Ingenier\u00eda en Acci\u00f3n Soluciones que hemos dise\u00f1ado e implementado Proyecto E\u00f3lico Horizonte 2025 Supervisi\u00f3n geot\u00e9cnica de sondajes para ampliaci\u00f3n de\u00a0 aerogeneradores. Proyecto E\u00f3lico Horizonte 2024 Mediciones de resistividades en suelos ( Wenner y Schlumberger) y Mediciones de resistencias de mallas de tierra energizadas. Central Hidroel\u00e9ctrica Machicura y [&hellip;]<\/p>\n","protected":false},"author":1,"featured_media":0,"parent":0,"menu_order":0,"comment_status":"closed","ping_status":"closed","template":"","meta":{"_joinchat":[],"footnotes":""},"class_list":["post-14","page","type-page","status-publish","hentry"],"_links":{"self":[{"href":"https:\/\/gicspa.cl\/index.php\/wp-json\/wp\/v2\/pages\/14","targetHints":{"allow":["GET"]}}],"collection":[{"href":"https:\/\/gicspa.cl\/index.php\/wp-json\/wp\/v2\/pages"}],"about":[{"href":"https:\/\/gicspa.cl\/index.php\/wp-json\/wp\/v2\/types\/page"}],"author":[{"embeddable":true,"href":"https:\/\/gicspa.cl\/index.php\/wp-json\/wp\/v2\/users\/1"}],"replies":[{"embeddable":true,"href":"https:\/\/gicspa.cl\/index.php\/wp-json\/wp\/v2\/comments?post=14"}],"version-history":[{"count":55,"href":"https:\/\/gicspa.cl\/index.php\/wp-json\/wp\/v2\/pages\/14\/revisions"}],"predecessor-version":[{"id":1047,"href":"https:\/\/gicspa.cl\/index.php\/wp-json\/wp\/v2\/pages\/14\/revisions\/1047"}],"wp:attachment":[{"href":"https:\/\/gicspa.cl\/index.php\/wp-json\/wp\/v2\/media?parent=14"}],"curies":[{"name":"wp","href":"https:\/\/api.w.org\/{rel}","templated":true}]}}